103
What are the prime factors of 16826?
2, 47, 179
List the prime factors of 3390.
2, 3, 5, 113
List the prime factors of 3300.
2, 3, 5, 11
What are the prime factors of 48829?
11, 23, 193
List the prime factors of 89868.
2, 3, 7489
What are the prime factors of 45435?
3, 5, 13, 233
List the prime factors of 55153.
7, 7879
What are the prime factors of 21090?
2, 3, 5, 19, 37
List the prime factors of 1810.
2, 5, 181
List the prime factors of 27533.
11, 2503
List the prime factors of 1108.
2, 277
List the prime factors of 6772.
2, 1693
What are the prime factors of 49668?
2, 3, 4139
List the prime factors of 136157.
7, 53, 367
List the prime factors of 5689.
5689
What are the prime factors of 86402?
2, 43201
What are the prime factors of 321?
3, 107
List the prime factors of 16252.
2, 17, 239
What are the prime factors of 6905?
5, 1381
List the prime factors of 15266.
2, 17, 449
What are the prime factors of 2528?
2, 79
What are the prime factors of 2887?
2887
What are the prime factors of 16371?
3, 17, 107
What are the prime factors of 991?
991
List the prime factors of 94317.
3, 149, 211
What are the prime factors of 48373?
13, 61
What are the prime factors of 8054?
2, 4027
List the prime factors of 1756.
2, 439
What are the prime factors of 996?
2, 3, 83
What are the prime factors of 1905?
3, 5, 127
List the prime factors of 20956.
2, 13, 31
List the prime factors of 166084.
2, 41521
List the prime factors of 66853.
66853
What are the prime factors of 3574?
2, 1787
What are the prime factors of 2221?
2221
List the prime factors of 32942.
2, 7, 13, 181
What are the prime factors of 4797?
3, 13, 41
What are the prime factors of 1002?
2, 3, 167
What are the prime factors of 16142?
2, 7, 1153
List the prime factors of 3474.
2, 3, 193
List the prime factors of 27175.
5, 1087
List the prime factors of 22768.
2, 1423
List the prime factors of 1583.
1583
What are the prime factors of 1175?
5, 47
What are the prime factors of 29?
29
List the prime factors of 2773.
47, 59
What are the prime factors of 7041?
3, 2347
What are the prime factors of 53228?
2, 7, 1901
List the prime factors of 38034.
2, 3, 2113
What are the prime factors of 1983?
3, 661
List the prime factors of 121.
11
List the prime factors of 25932.
2, 3, 2161
List the prime factors of 2870.
2, 5, 7, 41
List the prime factors of 963.
3, 107
List the prime factors of 1119.
3, 373
List the prime factors of 66196.
2, 13, 19, 67
What are the prime factors of 3847?
3847
List the prime factors of 69504.
2, 3, 181
List the prime factors of 487.
487
What are the prime factors of 41473?
67, 619
List the prime factors of 1322.
2, 661
List the prime factors of 7236.
2, 3, 67
List the prime factors of 616.
2, 7, 11
What are the prime factors of 2163?
3, 7, 103
What are the prime factors of 1257?
3, 419
What are the prime factors of 53918?
2, 26959
What are the prime factors of 9691?
11, 881
List the prime factors of 12550.
2, 5, 251
List the prime factors of 1945.
5, 389
What are the prime factors of 4020?
2, 3, 5, 67
What are the prime factors of 8400?
2, 3, 5, 7
What are the prime factors of 3008?
2, 47
List the prime factors of 3273.
3, 1091
List the prime factors of 15155.
5, 7, 433
List the prime factors of 1973.
1973
List the prime factors of 2048.
2
What are the prime factors of 2368?
2, 37
List the prime factors of 17927.
7, 13, 197
What are the prime factors of 5708?
2, 1427
List the prime factors of 2851.
2851
List the prime factors of 5878.
2, 2939
List the prime factors of 67758.
2, 3, 23, 491
List the prime factors of 2201.
31, 71
What are the prime factors of 5486?
2, 13, 211
List the prime factors of 1189.
29, 41
What are the prime factors of 1873?
1873
List the prime factors of 1762.
2, 881
What are the prime factors of 18306?
2, 3, 113
What are the prime factors of 314?
2, 157
What are the prime factors of 19506?
2, 3, 3251
List the prime factors of 65.
5, 13
List the prime factors of 5471.
5471
What are the prime factors of 200?
2, 5
List the prime factors of 1650.
2, 3, 5, 11
List the prime factors of 48229.
17, 2837
List the prime factors of 2340.
2, 3, 5, 13
List the prime factors of 41028.
2, 3, 13, 263
What are the prime factors of 6875?
5, 11
What are the prime factors of 25184?
2, 787
List the prime factors of 3656.
2, 457
What are the prime factors of 466?
2, 233
What are the prime factors of 2968?
2, 7, 53
What are the prime factors of 3191?
3191
List the prime factors of 1260.
2, 3, 5, 7
What are the prime factors of 3767?
3767
List the prime factors of 1326.
2, 3, 13, 17
What are the prime factors of 23832?
2, 3, 331
What are the prime factors of 3594?
2, 3, 599
List the prime factors of 4793.
4793
What are the prime factors of 9333?
3, 17, 61
What are the prime factors of 2255?
5, 11, 41
What are the prime factors of 11465?
5, 2293
What are the prime factors of 4397?
4397
List the prime factors of 2775.
3, 5, 37
List the prime factors of 47085.
3, 5, 43, 73
List the prime factors of 68859.
3, 7, 1093
List the prime factors of 3628.
2, 907
List the prime factors of 1307.
1307
List the prime factors of 23001.
3, 11, 17, 41
What are the prime factors of 5351?
5351
What are the prime factors of 1733?
1733
List the prime factors of 3012.
2, 3, 251
What are the prime factors of 1516?
2, 379
List the prime factors of 7566.
2, 3, 13, 97
What are the prime factors of 44354?
2, 67, 331
List the prime factors of 5870.
2, 5, 587
List the prime factors of 3340.
2, 5, 167
List the prime factors of 56.
2, 7
List the prime factors of 35044.
2, 8761
List the prime factors of 57034.
2, 28517
List the prime factors of 328.
2, 41
List the prime factors of 19068.
2, 3, 7, 227
What are the prime factors of 1798?
2, 29, 31
What are the prime factors of 19246?
2, 9623
List the prime factors of 1767.
3, 19, 31
What are the prime factors of 1358?
2, 7, 97
List the prime factors of 60681.
3, 113, 179
List the prime factors of 147.
3, 7
List the prime factors of 2755.
5, 19, 29
List the prime factors of 14.
2, 7
List the prime factors of 255.
3, 5, 17
What are the prime factors of 54710?
2, 5, 5471
What are the prime factors of 87429?
3, 151, 193
What are the prime factors of 8950?
2, 5, 179
What are the prime factors of 148091?
148091
List the prime factors of 1123.
1123
What are the prime factors of 683?
683
What are the prime factors of 18214?
2, 7, 1301
What are the prime factors of 2573?
31, 83
What are the prime factors of 23?
23
List the prime factors of 24134.
2, 11, 1097
What are the prime factors of 17897?
11, 1627
List the prime factors of 1577.
19, 83
What are the prime factors of 2202?
2, 3, 367
What are the prime factors of 7939?
17, 467
What are the prime factors of 34575?
3, 5, 461
What are the prime factors of 1880?
2, 5, 47
What are the prime factors of 241?
241
What are the prime factors of 529?
23
What are the prime factors of 1452?
2, 3, 11
List the prime factors of 742.
2, 7, 53
What are the prime factors of 15846?
2, 3, 19, 139
What are the prime factors of 2611?
7, 373
List the prime factors of 10504.
2, 13, 101
List the prime factors of 14900.
2, 5, 149
List the prime factors of 113.
113
List the prime factors of 2978.
2, 1489
List the prime factors of 406.
2, 7, 29
List the prime factors of 191730.
2, 3, 5, 7, 11, 83
List the prime factors of 3246.
2, 3, 541
What are the prime factors of 33778?
2, 16889
List the prime factors of 2172.
2, 3, 181
What are the prime factors of 35029?
23, 1523
List the prime factors of 1273.
19, 67
What are the prime factors of 1053?
3, 13
List the prime factors of 4064.
2, 127
List the prime factors of 3730.
2, 5, 373
List the prime factors of 387.
3, 43
What are the prime factors of 400?
2, 5
What are the prime factors of 51451?
23, 2237
What are the prime factors of 355?
5, 71
List the prime factors of 569.
569
What are the prime factors of 1557?
3, 173
List the prime factors of 1184.
2, 37
List the prime factors of 2279.
43, 53
List the prime factors of 7501.
13, 577
List the prime factors of 2468.
2, 617
What are the prime factors of 45407?
17, 2671
What are the prime factors of 938?
2, 7, 67
List the prime factors of 689.
13, 53
List the prime factors of 1111.
11, 101
What are the prime factors of 1462?
2, 17, 43
List the prime fa